{"id":280,"date":"2024-04-10T10:49:18","date_gmt":"2024-04-10T08:49:18","guid":{"rendered":"https:\/\/pawelstasiuk.pl\/?page_id=280"},"modified":"2024-04-10T19:29:21","modified_gmt":"2024-04-10T17:29:21","slug":"kontakt","status":"publish","type":"page","link":"https:\/\/pawelstasiuk.pl\/?page_id=280","title":{"rendered":"Kontakt"},"content":{"rendered":"<p><\/p>\n<p id=\"wp-block-themeisle-blocks-advanced-heading-407fe3d8\" class=\"wp-block-themeisle-blocks-advanced-heading wp-block-themeisle-blocks-advanced-heading-407fe3d8\" style=\"text-align: center;\"><strong>Skontaktuj si\u0119 ze mn\u0105:<\/strong><\/p>\n<p> <\/p>\n<p class=\"has-text-align-center\">tel. 573 836 914<\/p>\n<p> <\/p>\n<p class=\"has-text-align-center\">e-mail: pawel.stasiuk@adwokatura.pl<\/p>\n<p> <\/p>\n<p class=\"has-text-align-center\">Istnieje r\u00f3wnie\u017c mo\u017cliwo\u015b\u0107 um\u00f3wienia e-spotkania<\/p>\n<p><\/p>\n\n\n<figure class=\"wp-block-image size-large\"><img loading=\"lazy\" decoding=\"async\" width=\"1024\" height=\"304\" src=\"https:\/\/pawelstasiuk.pl\/wp-content\/uploads\/2024\/03\/dane-1024x304.jpg\" alt=\"\" class=\"wp-image-214\" srcset=\"https:\/\/pawelstasiuk.pl\/wp-content\/uploads\/2024\/03\/dane-1024x304.jpg 1024w, https:\/\/pawelstasiuk.pl\/wp-content\/uploads\/2024\/03\/dane-300x89.jpg 300w, https:\/\/pawelstasiuk.pl\/wp-content\/uploads\/2024\/03\/dane-768x228.jpg 768w, https:\/\/pawelstasiuk.pl\/wp-content\/uploads\/2024\/03\/dane-600x178.jpg 600w, https:\/\/pawelstasiuk.pl\/wp-content\/uploads\/2024\/03\/dane.jpg 1154w\" sizes=\"(max-width: 1024px) 100vw, 1024px\" \/><\/figure>\n","protected":false},"excerpt":{"rendered":"<p>tel. 573 836 914 e-mail: pawel.stasiuk@adwokatura.pl Istnieje r\u00f3wnie\u017c mo\u017cliwo\u015b\u0107 um\u00f3wienia e-spotkania<\/p>\n","protected":false},"author":1,"featured_media":0,"parent":0,"menu_order":0,"comment_status":"closed","ping_status":"closed","template":"","meta":{"_monsterinsights_skip_tracking":false,"_monsterinsights_sitenote_active":false,"_monsterinsights_sitenote_note":"","_monsterinsights_sitenote_category":0,"neve_meta_sidebar":"","neve_meta_container":"","neve_meta_enable_content_width":"","neve_meta_content_width":0,"neve_meta_title_alignment":"","neve_meta_author_avatar":"","neve_post_elements_order":"","neve_meta_disable_header":"","neve_meta_disable_footer":"","neve_meta_disable_title":"","_themeisle_gutenberg_block_has_review":false,"_ti_tpc_template_sync":false,"_ti_tpc_template_id":"","footnotes":""},"aioseo_notices":[],"_links":{"self":[{"href":"https:\/\/pawelstasiuk.pl\/index.php?rest_route=\/wp\/v2\/pages\/280"}],"collection":[{"href":"https:\/\/pawelstasiuk.pl\/index.php?rest_route=\/wp\/v2\/pages"}],"about":[{"href":"https:\/\/pawelstasiuk.pl\/index.php?rest_route=\/wp\/v2\/types\/page"}],"author":[{"embeddable":true,"href":"https:\/\/pawelstasiuk.pl\/index.php?rest_route=\/wp\/v2\/users\/1"}],"replies":[{"embeddable":true,"href":"https:\/\/pawelstasiuk.pl\/index.php?rest_route=%2Fwp%2Fv2%2Fcomments&post=280"}],"version-history":[{"count":2,"href":"https:\/\/pawelstasiuk.pl\/index.php?rest_route=\/wp\/v2\/pages\/280\/revisions"}],"predecessor-version":[{"id":284,"href":"https:\/\/pawelstasiuk.pl\/index.php?rest_route=\/wp\/v2\/pages\/280\/revisions\/284"}],"wp:attachment":[{"href":"https:\/\/pawelstasiuk.pl\/index.php?rest_route=%2Fwp%2Fv2%2Fmedia&parent=280"}],"curies":[{"name":"wp","href":"https:\/\/api.w.org\/{rel}","templated":true}]}}